-17*j - 14. Let z be m(-6). Suppose 0 = -2*f + z - 0. What are the prime factors of f?
2, 11
Suppose -3*h - 5*c + 19 = -7*h, -27 = 2*h + c. Let l = 147 - 162. Let s = h - l. What are the prime factors of s?
2
Let f(q) = 160*q**2 + 15*q - 21. List the prime factors of f(2).
11, 59
Suppose -4*p + 0*p = -2*m - 4, 16 = 5*m + 3*p. Suppose m*c - 26 = 30. List the prime factors of c.
2, 7
Let o be (-63)/(-36)*(27 + 1). Suppose -2*b - 13 + o = 0. Let v = b - 5. List the prime factors of v.
13
Suppose -7*n = -10*n + 5*x + 8386, 0 = 5*n - 2*x - 13983. List the prime factors of n.
2797
Suppose 6*d - 4049 - 709 = 0. List the prime factors of d.
13, 61
Let a = 47 - 42. Suppose 5*g = -s + 196, 0 = a*s - 7*s + 5*g + 422. List the prime factors of s.
2, 103
Suppose -3*q + 2*o = -3109, -1025 = -35*q + 34*q - 5*o. What are the prime factors of q?
3, 5, 23
Suppose -a + 2*a + d = -177, -a - 177 = -2*d. Let j = a + 364. What are the prime factors of j?
11, 17
Let k(c) = -4*c**2 + c**2 + 4*c**3 + c**2 - c + 2*c. Let n be k(1). Suppose n*u + 3*d = -u + 107, -4*u + 82 = -2*d. What are the prime factors of u?
23
Let n = 5 - 2. Suppose 0 = -n*s + 2*s - 5. Let o = 3 - s. What are the prime factors of o?
2
Let l = 72 + -137. Let u be 22*(-9)/(-2) - 1. Let h = l + u. List the prime factors of h.
3, 11
Suppose -4*j + y + 9 = -0*y, -4*j = -3*y - 11. Suppose 0 = j*f - 3 - 5. Let p = -1 + f. What are the prime factors of p?
3
Let i = 77 + -37. Suppose 2*w - 4*k - 26 = 0, w + 3*k = -w + i. Suppose -4*z - q = -0*q - w, 2*q - 22 = -5*z. What are the prime factors of z?
2
Let h = -1584 - -2590. What are the prime factors of h?
2, 503
Suppose -2969 - 279 = -7*w. What are the prime factors of w?
2, 29
Let p = -107 + 182. Suppose -178 = -p*y + 73*y. What are the prime factors of y?
89
Let w = -47 - -122. Let c = w - -41. List the prime factors of c.
2, 29
Suppose -7*n - 9388 + 25019 = 0. List the prime factors of n.
7, 11, 29
Let c be 65/(-26)*(-52)/2. Let u = -222 + 346. Let r = u - c. What are the prime factors of r?
59
Let g be -6 + (0/(-4))/(-3). Let z be (3 + 9)/(g/(-28)). Suppose -74 = -5*c + z. List the prime factors of c.
2, 13
Suppose -2*r - 3*r - 45 = 0. Let c = -8 - r. Suppose -y - c = 4, -13 = -2*g - y. What are the prime factors of g?
3
What are the prime factors of (2/4)/(15/9390)?
313
Suppose 3*b + 2*w = w + 5133, -5*b = -3*w - 8569. What are the prime factors of b?
2, 107
Suppose 7*n - 15*n = -2160. List the prime factors of n.
2, 3, 5
Let o(k) = -k**2 + 46*k + 20. What are the prime factors of o(20)?
2, 3, 5
Let j be (217/(-21) + 5)/(4/(-30)). Suppose 5*y - 33 = -i, 0 = 2*i - y - 3*y - 52. Let o = j - i. What are the prime factors of o?
2, 3
Let b(m) = -m + 11. Let k be b(0). Suppose l - k = 9. Let w = -14 + l. What are the prime factors of w?
2, 3
Suppose -b + 17 + 23 = 0. Suppose -v + 53 = -2*x, 4*v + 5 = -5*x - 160. Let n = b + x. What are the prime factors of n?
11
Let d = -177 - -58. Let y = -81 - d. What are the prime factors of y?
2, 19
Suppose 19*a - 13*a = -5994. What are the prime factors of (-18)/(-117) + a/(-13)?
7, 11
Let v(o) = -o**3 + 2*o**2 + 4 + 0 - o**2. Let c be v(0). Suppose c*h - 86 = 46. What are the prime factors of h?
3, 11
Suppose 2*o + 3*w - 6*w - 1436 = 0, -4*w = 8. List the prime factors of o.
5, 11, 13
Let k be 2/(-7) + 15655/35. Let l = k - 227. List the prime factors of l.
2, 5, 11
Suppose -76*f = -12935 - 27649. What are the prime factors of f?
2, 3, 89
Suppose 2354 = 4*k + 3*n, 0 = 2*k + 33*n - 30*n - 1174. What are the prime factors of k?
2, 5, 59
Suppose -20 = -11*i + i. Suppose 2*d - d = i, -w + d + 133 = 0. List the prime factors of w.
3, 5
Suppose 0 = -6*d + d + 10. Suppose d*w = 107 - 3. What are the prime factors of w?
2, 13
Let c(d) = 70*d**2 + d. Let m be c(1). Suppose -m = -3*g + 25. What are the prime factors of g?
2
Suppose 5*u + 10 = r - 356, -2*r - 5*u = -657. List the prime factors of r.
11, 31
Suppose -2*i + 2*l = -7*i - 40, -3*l - 40 = 5*i. Suppose 17*b = -446 + 89. Let o = i - b. List the prime factors of o.
13
Let p be (-1)/4 + 51/12. Suppose -u + 0*u - p*m = -13, -47 = -3*u - 4*m. What are the prime factors of 3*u - (-4)/2?
53
Suppose -12059 + 41639 = 20*j. What are the prime factors of j?
3, 17, 29
Suppose -2*p = -5*p - 96. Let l = p - -56. What are the prime factors of l?
2, 3
Suppose 2*p - 11 - 17 = 0. Let c = p + 35. List the prime factors of c.
7
Let b = -789 - -1480. List the prime factors of b.
691
Let y = 10 - 10. Suppose 0*k + 127 = 3*g - 5*k, y = 2*g + k - 63. List the prime factors of g.
2, 17
Let w(c) = -c**2 + 2*c + 2. Let i(f) = f**2 + 8*f + 4. Let a be i(-8). Let v be w(a). Let s = 2 - v. List the prime factors of s.
2
List the prime factors of (374 - (-4 - -1)) + 5/(-1).
2, 3, 31
Suppose -4*v = y - 5180 - 4078, -2*v - 4*y = -4636. What are the prime factors of v?
2, 13, 89
Suppose 1558 = r - 3*w, -2786 - 1856 = -3*r + w. List the prime factors of r.
2, 773
Let d(z) = -2*z**3 - 2*z**2 - 3*z + 1. Let i be d(3). Let m be (3/6)/((-1)/12). List the prime factors of (i/(-12))/((-2)/m).
2, 5
Let l = 1639 - 981. Suppose -4*x + l = 3*r, -3*r = -3*x - 7*r + 490. What are the prime factors of x?
2, 83
Let j(m) = -m**3 - 5*m**2 - 82*m + 11. What are the prime factors of j(-10)?
11
Suppose 2*n = -0*n + 56. Let z be 116/n - 2/14. Suppose -z*l = -17 - 15. What are the prime factors of l?
2
Suppose 4*z - 3*k = -4 - 7, k - 9 = 4*z. What are the prime factors of z + (-55)/(2 + -3)?
53
Suppose 2*y - 64 = 48. Let o(n) = n**2 + 19*n + 20. Let m be o(-18). Suppose m*k - y - 4 = 0. What are the prime factors of k?
2, 3, 5
Let j(n) = -n**3 - 3*n**2 - 2*n - 4. Let g be j(-3). Suppose -2*r = -4*t + g, -20 - 10 = 2*r + 3*t. Let h = 10 - r. What are the prime factors of h?
19
Let u(d) = -d + 5. Let o be u(3). Suppose o*x = -2*x + 20. Suppose -27 = -8*w + x*w. What are the prime factors of w?
3
Let v(g) = 2*g + 3. Let i be (-343)/14 + 1/2. Let d be 3/(i/(-15) - 1). What are the prime factors of v(d)?
13
Let j(o) = -5*o**3 - 9*o**2 - 17*o + 17. What are the prime factors of j(-7)?
2, 3, 5, 47
Let n(a) = -69*a + 221. List the prime factors of n(-9).
2, 421
Let d be (0 + -4)/(-4) + 2. Suppose 4*i + 33 = -4*j - 15, d*i + 5*j = -32. Let a = i - -19. List the prime factors of a.
5
Let y(p) = 5*p - 3. Suppose 0 = 5*c - 29 + 4. Suppose c - 19 = -2*m. What are the prime factors of y(m)?
2
Let s(j) = 9*j + 21. What are the prime factors of s(15)?
2, 3, 13
Let v be -1 - -2 - 392/(-7). Let j = v + -36. List the prime factors of j.
3, 7
Suppose -4*j + 25 = 17. Suppose 4*w = j*x - 60, 0*x = x - 4*w - 28. What are the prime factors of x?
2
Let q(p) = 3*p**2 + 44*p + 207. What are the prime factors of q(-27)?
2, 3, 67
Let i = 6 - 2. Suppose 0*l + 5*q - 5 = -l, -100 = 4*l - i*q. List the prime factors of (l/(-8))/((-2)/(-8)).
2, 5
List the prime factors of 1/1*589 - 228/(-57).
593
Suppose -3*g - 208 = 71. Let k = g + 133. List the prime factors of k.
2, 5
Let g = -16 + 14. List the prime factors of (6/g)/(-3)*41.
41
Suppose -5*v + 2902 = 4*h - 3474, 3*v + 5*h - 3823 = 0. What are the prime factors of v?
2, 11, 29
Let k(r) = 19*r - r - 5*r + 2*r**2 - 13. List the prime factors of k(-13).
2, 3, 13
Suppose 49 = 3*x - 92. Let r = 145 - 66. Let c = r - x. What are the prime factors of c?
2
Suppose 0*l - 9*l = -2367. What are the prime factors of l?
263
Suppose 2*v = -2*v - 2*s + 10534, 0 = -4*s + 20. List the prime factors of v.
3, 877
Let h(u) = 2*u. Let q be h(-4). Let n(c) = -6 + 2*c - 6*c - 1 - 4. List the prime factors of n(q).
3, 7
Let w = -28 + 16. Let v be (21/w)/(2/(-16)). Let i = 44 - v. What are the prime factors of i?
2, 3, 5
List the prime factors of (-2695 - 1)*-1 - (5 - 1).
2, 673
Suppose 5*d + 3948 = 17*d. What are the prime factors of d?
7, 47
Let j(p) = p**3 + 18*p**2 + 16*p - 20. Let h be j(-16). Let v = h - 127. List the prime factors of v.
109
What are the prime factors of (2/(-6))/(67/(-402))?
2
Let h = -26 - -28. Suppose -1746 = -h*z + 2*o, 0 = 3*z - z + 4*o - 1728. List the prime factors of z/45*(-3)/(-2).
29
List the prime factors of 4/5 + (-3148)/(-40)*6.
11, 43
Suppose 8*m - 13*m = -10. Suppose -b - 116 = -m*b. Suppose 2*y + 84 = 4*s, -5*s - 4*y + y + b = 0. List the prime factors of s.
2, 11
Let j = 815 + -71. List 